{"id":2133,"date":"2025-11-25T17:15:07","date_gmt":"2025-11-25T21:15:07","guid":{"rendered":"https:\/\/advocacialacerda.com\/blog\/?page_id=2133"},"modified":"2026-03-02T11:58:22","modified_gmt":"2026-03-02T15:58:22","slug":"artigos","status":"publish","type":"page","link":"https:\/\/advocacialacerda.com\/blog\/artigos\/","title":{"rendered":"Artigos"},"content":{"rendered":"\t\t<div data-elementor-type=\"wp-page\" data-elementor-id=\"2133\" class=\"elementor elementor-2133\" data-elementor-post-type=\"page\">\n\t\t\t\t<div class=\"elementor-element elementor-element-227070f e-flex e-con-boxed e-con e-parent\" data-id=\"227070f\" data-element_type=\"container\" data-e-type=\"container\" data-settings=\"{&quot;background_background&quot;:&quot;classic&quot;}\">\n\t\t\t\t\t<div class=\"e-con-inner\">\n\t\t<div class=\"elementor-element elementor-element-5709ccb e-con-full e-flex e-con e-child\" data-id=\"5709ccb\" data-element_type=\"container\" data-e-type=\"container\">\n\t\t\t\t<div class=\"elementor-element elementor-element-da53591 elementor-vertical-align-top elementor-widget elementor-widget-image-box\" data-id=\"da53591\" data-element_type=\"widget\" data-e-type=\"widget\" data-widget_type=\"image-box.default\">\n\t\t\t\t\t<div class=\"elementor-image-box-wrapper\"><div class=\"elementor-image-box-content\"><h3 class=\"elementor-image-box-title\">Artigos<\/h3><\/div><\/div>\t\t\t\t<\/div>\n\t\t\t\t<\/div>\n\t\t\t\t\t<\/div>\n\t\t\t\t<\/div>\n\t\t<div class=\"elementor-element elementor-element-2d7b56c e-flex e-con-boxed e-con e-parent\" data-id=\"2d7b56c\" data-element_type=\"container\" data-e-type=\"container\" data-settings=\"{&quot;background_background&quot;:&quot;classic&quot;}\">\n\t\t\t\t\t<div class=\"e-con-inner\">\n\t\t\t\t<div class=\"elementor-element elementor-element-8a0f8c6 elementor-grid-3 elementor-grid-tablet-2 elementor-grid-mobile-1 elementor-posts--thumbnail-top elementor-posts--show-avatar elementor-card-shadow-yes elementor-posts__hover-gradient elementor-widget elementor-widget-posts\" data-id=\"8a0f8c6\" data-element_type=\"widget\" data-e-type=\"widget\" data-settings=\"{&quot;pagination_type&quot;:&quot;load_more_infinite_scroll&quot;,&quot;cards_columns&quot;:&quot;3&quot;,&quot;cards_columns_tablet&quot;:&quot;2&quot;,&quot;cards_columns_mobile&quot;:&quot;1&quot;,&quot;cards_row_gap&quot;:{&quot;unit&quot;:&quot;px&quot;,&quot;size&quot;:35,&quot;sizes&quot;:[]},&quot;cards_row_gap_tablet&quot;:{&quot;unit&quot;:&quot;px&quot;,&quot;size&quot;:&quot;&quot;,&quot;sizes&quot;:[]},&quot;cards_row_gap_mobile&quot;:{&quot;unit&quot;:&quot;px&quot;,&quot;size&quot;:&quot;&quot;,&quot;sizes&quot;:[]},&quot;load_more_spinner&quot;:{&quot;value&quot;:&quot;fas fa-spinner&quot;,&quot;library&quot;:&quot;fa-solid&quot;}}\" data-widget_type=\"posts.cards\">\n\t\t\t\t<div class=\"elementor-widget-container\">\n\t\t\t\t\t\t\t<div class=\"elementor-posts-container elementor-posts elementor-posts--skin-cards elementor-grid\" role=\"list\">\n\t\t\t\t<article class=\"elementor-post elementor-grid-item post-2074 post type-post status-publish format-standard has-post-thumbnail hentry category-artigo tag-advocacia-lacerda tag-ana-lacerda tag-arrolamento-sumario tag-celeridade-processual tag-isonomia-tributaria tag-partilha-amigavel tag-seguranca-juridica tag-tributacao-sucessoria\" role=\"listitem\">\n\t\t\t<div class=\"elementor-post__card\">\n\t\t\t\t<a class=\"elementor-post__thumbnail__link\" href=\"https:\/\/advocacialacerda.com\/blog\/2025\/11\/05\/partilha-sem-quitacao-previa-do-imposto-de-transmissao-causa-mortis-e-doacao\/\" tabindex=\"-1\" ><div class=\"elementor-post__thumbnail\"><img fetchpriority=\"high\" decoding=\"async\" width=\"680\" height=\"340\" src=\"https:\/\/advocacialacerda.com\/blog\/wp-content\/uploads\/2025\/11\/Capa-Blog-6.png\" class=\"attachment-full size-full wp-image-2075\" alt=\"\" srcset=\"https:\/\/advocacialacerda.com\/blog\/wp-content\/uploads\/2025\/11\/Capa-Blog-6.png 680w, https:\/\/advocacialacerda.com\/blog\/wp-content\/uploads\/2025\/11\/Capa-Blog-6-300x150.png 300w\" sizes=\"(max-width: 680px) 100vw, 680px\" \/><\/div><\/a>\n\t\t\t\t<div class=\"elementor-post__badge\">Artigo<\/div>\n\t\t\t\t<div class=\"elementor-post__avatar\">\n\t\t\t\t\t<\/div>\n\t\t\t\t<div class=\"elementor-post__text\">\n\t\t\t\t<h3 class=\"elementor-post__title\">\n\t\t\t<a href=\"https:\/\/advocacialacerda.com\/blog\/2025\/11\/05\/partilha-sem-quitacao-previa-do-imposto-de-transmissao-causa-mortis-e-doacao\/\" >\n\t\t\t\tPartilha sem quita\u00e7\u00e3o pr\u00e9via do Imposto de Transmiss\u00e3o Causa Mortis e Doa\u00e7\u00e3o\t\t\t<\/a>\n\t\t<\/h3>\n\t\t\n\t\t<a class=\"elementor-post__read-more\" href=\"https:\/\/advocacialacerda.com\/blog\/2025\/11\/05\/partilha-sem-quitacao-previa-do-imposto-de-transmissao-causa-mortis-e-doacao\/\" aria-label=\"Read more about Partilha sem quita\u00e7\u00e3o pr\u00e9via do Imposto de Transmiss\u00e3o Causa Mortis e Doa\u00e7\u00e3o\" tabindex=\"-1\" >\n\t\t\tLer Mais \u00bb\t\t<\/a>\n\n\t\t\t\t<\/div>\n\t\t\t\t<div class=\"elementor-post__meta-data\">\n\t\t\t\t\t<span class=\"elementor-post-date\">\n\t\t\t5 de Novembro de 2025\t\t<\/span>\n\t\t\t\t<\/div>\n\t\t\t\t\t<\/div>\n\t\t<\/article>\n\t\t\t\t<article class=\"elementor-post elementor-grid-item post-2071 post type-post status-publish format-standard has-post-thumbnail hentry category-artigo tag-advocacia-lacerda tag-ana-lacerda tag-corredor-bioceanico tag-crescimento-sustentavel tag-desenvolvimento-regional tag-exportacao-industrial tag-faixa-fronteira tag-integracao-continental tag-jose-lacerda tag-mato-grosso tag-politica-publica tag-zpe-caceres\" role=\"listitem\">\n\t\t\t<div class=\"elementor-post__card\">\n\t\t\t\t<a class=\"elementor-post__thumbnail__link\" href=\"https:\/\/advocacialacerda.com\/blog\/2025\/10\/29\/zpe-de-caceres-soberania-economica-e-integracao-regional\/\" tabindex=\"-1\" ><div class=\"elementor-post__thumbnail\"><img decoding=\"async\" width=\"680\" height=\"340\" src=\"https:\/\/advocacialacerda.com\/blog\/wp-content\/uploads\/2025\/10\/Capa-Blog-5.png\" class=\"attachment-full size-full wp-image-2072\" alt=\"\" srcset=\"https:\/\/advocacialacerda.com\/blog\/wp-content\/uploads\/2025\/10\/Capa-Blog-5.png 680w, https:\/\/advocacialacerda.com\/blog\/wp-content\/uploads\/2025\/10\/Capa-Blog-5-300x150.png 300w\" sizes=\"(max-width: 680px) 100vw, 680px\" \/><\/div><\/a>\n\t\t\t\t<div class=\"elementor-post__badge\">Artigo<\/div>\n\t\t\t\t<div class=\"elementor-post__avatar\">\n\t\t\t\t\t<\/div>\n\t\t\t\t<div class=\"elementor-post__text\">\n\t\t\t\t<h3 class=\"elementor-post__title\">\n\t\t\t<a href=\"https:\/\/advocacialacerda.com\/blog\/2025\/10\/29\/zpe-de-caceres-soberania-economica-e-integracao-regional\/\" >\n\t\t\t\tZPE de C\u00e1ceres: soberania econ\u00f4mica e integra\u00e7\u00e3o regional\t\t\t<\/a>\n\t\t<\/h3>\n\t\t\n\t\t<a class=\"elementor-post__read-more\" href=\"https:\/\/advocacialacerda.com\/blog\/2025\/10\/29\/zpe-de-caceres-soberania-economica-e-integracao-regional\/\" aria-label=\"Read more about ZPE de C\u00e1ceres: soberania econ\u00f4mica e integra\u00e7\u00e3o regional\" tabindex=\"-1\" >\n\t\t\tLer Mais \u00bb\t\t<\/a>\n\n\t\t\t\t<\/div>\n\t\t\t\t<div class=\"elementor-post__meta-data\">\n\t\t\t\t\t<span class=\"elementor-post-date\">\n\t\t\t29 de Outubro de 2025\t\t<\/span>\n\t\t\t\t<\/div>\n\t\t\t\t\t<\/div>\n\t\t<\/article>\n\t\t\t\t<article class=\"elementor-post elementor-grid-item post-2067 post type-post status-publish format-standard has-post-thumbnail hentry category-artigo tag-advocacia-lacerda tag-ana-lacerda tag-conselho-monetario-nacional tag-credito-rural tag-credito-subsidiado tag-linha-emergencial-de-credito-rural tag-produtor-rural tag-resolucao-cmn-no-5-247-2025 tag-resolucao-cmn-no-5-257-2025 tag-setor-agropecuario\" role=\"listitem\">\n\t\t\t<div class=\"elementor-post__card\">\n\t\t\t\t<a class=\"elementor-post__thumbnail__link\" href=\"https:\/\/advocacialacerda.com\/blog\/2025\/10\/24\/normas-sobre-o-credito-rural-diante-das-adversidades-climaticas\/\" tabindex=\"-1\" ><div class=\"elementor-post__thumbnail\"><img decoding=\"async\" width=\"680\" height=\"340\" src=\"https:\/\/advocacialacerda.com\/blog\/wp-content\/uploads\/2025\/10\/Capa-Blog-4.png\" class=\"attachment-full size-full wp-image-2069\" alt=\"\" srcset=\"https:\/\/advocacialacerda.com\/blog\/wp-content\/uploads\/2025\/10\/Capa-Blog-4.png 680w, https:\/\/advocacialacerda.com\/blog\/wp-content\/uploads\/2025\/10\/Capa-Blog-4-300x150.png 300w\" sizes=\"(max-width: 680px) 100vw, 680px\" \/><\/div><\/a>\n\t\t\t\t<div class=\"elementor-post__badge\">Artigo<\/div>\n\t\t\t\t<div class=\"elementor-post__avatar\">\n\t\t\t\t\t<\/div>\n\t\t\t\t<div class=\"elementor-post__text\">\n\t\t\t\t<h3 class=\"elementor-post__title\">\n\t\t\t<a href=\"https:\/\/advocacialacerda.com\/blog\/2025\/10\/24\/normas-sobre-o-credito-rural-diante-das-adversidades-climaticas\/\" >\n\t\t\t\tNormas sobre o cr\u00e9dito rural diante das adversidades clim\u00e1ticas\t\t\t<\/a>\n\t\t<\/h3>\n\t\t\n\t\t<a class=\"elementor-post__read-more\" href=\"https:\/\/advocacialacerda.com\/blog\/2025\/10\/24\/normas-sobre-o-credito-rural-diante-das-adversidades-climaticas\/\" aria-label=\"Read more about Normas sobre o cr\u00e9dito rural diante das adversidades clim\u00e1ticas\" tabindex=\"-1\" >\n\t\t\tLer Mais \u00bb\t\t<\/a>\n\n\t\t\t\t<\/div>\n\t\t\t\t<div class=\"elementor-post__meta-data\">\n\t\t\t\t\t<span class=\"elementor-post-date\">\n\t\t\t24 de Outubro de 2025\t\t<\/span>\n\t\t\t\t<\/div>\n\t\t\t\t\t<\/div>\n\t\t<\/article>\n\t\t\t\t<article class=\"elementor-post elementor-grid-item post-2063 post type-post status-publish format-standard has-post-thumbnail hentry category-artigo tag-advocacia-lacerda tag-ana-lacerda tag-gestao-territorial tag-planaveg-2025-2028 tag-politica-ambiental tag-recuperacao-da-vegetacao-nativa tag-seguranca-regulatoria tag-uso-sustentavel-do-solo\" role=\"listitem\">\n\t\t\t<div class=\"elementor-post__card\">\n\t\t\t\t<a class=\"elementor-post__thumbnail__link\" href=\"https:\/\/advocacialacerda.com\/blog\/2025\/10\/22\/caminhos-da-governanca-ambiental-e-o-protagonismo-do-campo\/\" tabindex=\"-1\" ><div class=\"elementor-post__thumbnail\"><img loading=\"lazy\" decoding=\"async\" width=\"680\" height=\"340\" src=\"https:\/\/advocacialacerda.com\/blog\/wp-content\/uploads\/2025\/10\/Capa-Blog-3.png\" class=\"attachment-full size-full wp-image-2065\" alt=\"\" srcset=\"https:\/\/advocacialacerda.com\/blog\/wp-content\/uploads\/2025\/10\/Capa-Blog-3.png 680w, https:\/\/advocacialacerda.com\/blog\/wp-content\/uploads\/2025\/10\/Capa-Blog-3-300x150.png 300w\" sizes=\"(max-width: 680px) 100vw, 680px\" \/><\/div><\/a>\n\t\t\t\t<div class=\"elementor-post__badge\">Artigo<\/div>\n\t\t\t\t<div class=\"elementor-post__avatar\">\n\t\t\t\t\t<\/div>\n\t\t\t\t<div class=\"elementor-post__text\">\n\t\t\t\t<h3 class=\"elementor-post__title\">\n\t\t\t<a href=\"https:\/\/advocacialacerda.com\/blog\/2025\/10\/22\/caminhos-da-governanca-ambiental-e-o-protagonismo-do-campo\/\" >\n\t\t\t\tCaminhos da governan\u00e7a ambiental e o protagonismo do campo\t\t\t<\/a>\n\t\t<\/h3>\n\t\t\n\t\t<a class=\"elementor-post__read-more\" href=\"https:\/\/advocacialacerda.com\/blog\/2025\/10\/22\/caminhos-da-governanca-ambiental-e-o-protagonismo-do-campo\/\" aria-label=\"Read more about Caminhos da governan\u00e7a ambiental e o protagonismo do campo\" tabindex=\"-1\" >\n\t\t\tLer Mais \u00bb\t\t<\/a>\n\n\t\t\t\t<\/div>\n\t\t\t\t<div class=\"elementor-post__meta-data\">\n\t\t\t\t\t<span class=\"elementor-post-date\">\n\t\t\t22 de Outubro de 2025\t\t<\/span>\n\t\t\t\t<\/div>\n\t\t\t\t\t<\/div>\n\t\t<\/article>\n\t\t\t\t<article class=\"elementor-post elementor-grid-item post-2058 post type-post status-publish format-standard has-post-thumbnail hentry category-artigo tag-advocacia-lacerda tag-agronegocio tag-ana-lacerda tag-artigo-263 tag-direito-de-propriedade tag-inconstitucionalidade-formal tag-previsibilidade-juridica\" role=\"listitem\">\n\t\t\t<div class=\"elementor-post__card\">\n\t\t\t\t<a class=\"elementor-post__thumbnail__link\" href=\"https:\/\/advocacialacerda.com\/blog\/2025\/10\/10\/stf-suspende-emenda-das-unidades-de-conservacao\/\" tabindex=\"-1\" ><div class=\"elementor-post__thumbnail\"><img loading=\"lazy\" decoding=\"async\" width=\"680\" height=\"340\" src=\"https:\/\/advocacialacerda.com\/blog\/wp-content\/uploads\/2025\/10\/Capa-Blog.png\" class=\"attachment-full size-full wp-image-2059\" alt=\"\" srcset=\"https:\/\/advocacialacerda.com\/blog\/wp-content\/uploads\/2025\/10\/Capa-Blog.png 680w, https:\/\/advocacialacerda.com\/blog\/wp-content\/uploads\/2025\/10\/Capa-Blog-300x150.png 300w\" sizes=\"(max-width: 680px) 100vw, 680px\" \/><\/div><\/a>\n\t\t\t\t<div class=\"elementor-post__badge\">Artigo<\/div>\n\t\t\t\t<div class=\"elementor-post__avatar\">\n\t\t\t\t\t<\/div>\n\t\t\t\t<div class=\"elementor-post__text\">\n\t\t\t\t<h3 class=\"elementor-post__title\">\n\t\t\t<a href=\"https:\/\/advocacialacerda.com\/blog\/2025\/10\/10\/stf-suspende-emenda-das-unidades-de-conservacao\/\" >\n\t\t\t\tSTF suspende emenda das unidades de conserva\u00e7\u00e3o\t\t\t<\/a>\n\t\t<\/h3>\n\t\t\n\t\t<a class=\"elementor-post__read-more\" href=\"https:\/\/advocacialacerda.com\/blog\/2025\/10\/10\/stf-suspende-emenda-das-unidades-de-conservacao\/\" aria-label=\"Read more about STF suspende emenda das unidades de conserva\u00e7\u00e3o\" tabindex=\"-1\" >\n\t\t\tLer Mais \u00bb\t\t<\/a>\n\n\t\t\t\t<\/div>\n\t\t\t\t<div class=\"elementor-post__meta-data\">\n\t\t\t\t\t<span class=\"elementor-post-date\">\n\t\t\t10 de Outubro de 2025\t\t<\/span>\n\t\t\t\t<\/div>\n\t\t\t\t\t<\/div>\n\t\t<\/article>\n\t\t\t\t<article class=\"elementor-post elementor-grid-item post-2053 post type-post status-publish format-standard has-post-thumbnail hentry category-artigo tag-advocacia-lacerda tag-ana-lacerda tag-estabilidade-regulatoria tag-padronizacao-nacional tag-protecao-ambiental tag-regularizacao-ambiental tag-seguranca-juridica\" role=\"listitem\">\n\t\t\t<div class=\"elementor-post__card\">\n\t\t\t\t<a class=\"elementor-post__thumbnail__link\" href=\"https:\/\/advocacialacerda.com\/blog\/2025\/10\/03\/conama-510-2025-novas-regras-para-supressao-de-vegetacao-nativa-em-imoveis-rurais\/\" tabindex=\"-1\" ><div class=\"elementor-post__thumbnail\"><img loading=\"lazy\" decoding=\"async\" width=\"680\" height=\"340\" src=\"https:\/\/advocacialacerda.com\/blog\/wp-content\/uploads\/2025\/10\/Capa-Blog-2.png\" class=\"attachment-full size-full wp-image-2052\" alt=\"\" srcset=\"https:\/\/advocacialacerda.com\/blog\/wp-content\/uploads\/2025\/10\/Capa-Blog-2.png 680w, https:\/\/advocacialacerda.com\/blog\/wp-content\/uploads\/2025\/10\/Capa-Blog-2-300x150.png 300w\" sizes=\"(max-width: 680px) 100vw, 680px\" \/><\/div><\/a>\n\t\t\t\t<div class=\"elementor-post__badge\">Artigo<\/div>\n\t\t\t\t<div class=\"elementor-post__avatar\">\n\t\t\t\t\t<\/div>\n\t\t\t\t<div class=\"elementor-post__text\">\n\t\t\t\t<h3 class=\"elementor-post__title\">\n\t\t\t<a href=\"https:\/\/advocacialacerda.com\/blog\/2025\/10\/03\/conama-510-2025-novas-regras-para-supressao-de-vegetacao-nativa-em-imoveis-rurais\/\" >\n\t\t\t\tConama 510\/2025: novas regras para supress\u00e3o de vegeta\u00e7\u00e3o nativa em im\u00f3veis rurais\t\t\t<\/a>\n\t\t<\/h3>\n\t\t\n\t\t<a class=\"elementor-post__read-more\" href=\"https:\/\/advocacialacerda.com\/blog\/2025\/10\/03\/conama-510-2025-novas-regras-para-supressao-de-vegetacao-nativa-em-imoveis-rurais\/\" aria-label=\"Read more about Conama 510\/2025: novas regras para supress\u00e3o de vegeta\u00e7\u00e3o nativa em im\u00f3veis rurais\" tabindex=\"-1\" >\n\t\t\tLer Mais \u00bb\t\t<\/a>\n\n\t\t\t\t<\/div>\n\t\t\t\t<div class=\"elementor-post__meta-data\">\n\t\t\t\t\t<span class=\"elementor-post-date\">\n\t\t\t3 de Outubro de 2025\t\t<\/span>\n\t\t\t\t<\/div>\n\t\t\t\t\t<\/div>\n\t\t<\/article>\n\t\t\t\t<\/div>\n\t\t\t\t\t<span class=\"e-load-more-spinner\">\n\t\t\t\t<svg aria-hidden=\"true\" class=\"e-font-icon-svg e-fas-spinner\" viewBox=\"0 0 512 512\" xmlns=\"http:\/\/www.w3.org\/2000\/svg\"><path d=\"M304 48c0 26.51-21.49 48-48 48s-48-21.49-48-48 21.49-48 48-48 48 21.49 48 48zm-48 368c-26.51 0-48 21.49-48 48s21.49 48 48 48 48-21.49 48-48-21.49-48-48-48zm208-208c-26.51 0-48 21.49-48 48s21.49 48 48 48 48-21.49 48-48-21.49-48-48-48zM96 256c0-26.51-21.49-48-48-48S0 229.49 0 256s21.49 48 48 48 48-21.49 48-48zm12.922 99.078c-26.51 0-48 21.49-48 48s21.49 48 48 48 48-21.49 48-48c0-26.509-21.491-48-48-48zm294.156 0c-26.51 0-48 21.49-48 48s21.49 48 48 48 48-21.49 48-48c0-26.509-21.49-48-48-48zM108.922 60.922c-26.51 0-48 21.49-48 48s21.49 48 48 48 48-21.49 48-48-21.491-48-48-48z\"><\/path><\/svg>\t\t\t<\/span>\n\t\t\n\t\t\t\t<div class=\"e-load-more-anchor\" data-page=\"1\" data-max-page=\"59\" data-next-page=\"https:\/\/advocacialacerda.com\/blog\/wp-json\/wp\/v2\/pages\/2133\/page\/2\/\"><\/div>\n\t\t\t\t<div class=\"e-load-more-message\"><\/div>\n\t\t\t\t\t\t<\/div>\n\t\t\t\t<\/div>\n\t\t\t\t\t<\/div>\n\t\t\t\t<\/div>\n\t\t\t\t<\/div>\n\t\t","protected":false},"excerpt":{"rendered":"<p>Artigos<\/p>\n","protected":false},"author":3,"featured_media":0,"parent":0,"menu_order":0,"comment_status":"closed","ping_status":"closed","template":"","meta":{"footnotes":""},"class_list":["post-2133","page","type-page","status-publish","hentry"],"yoast_head":"<!-- This site is optimized with the Yoast SEO plugin v27.2 - https:\/\/yoast.com\/product\/yoast-seo-wordpress\/ -->\n<title>Artigos - Advogada em Cuiab\u00e1<\/title>\n<meta name=\"robots\" content=\"index, follow, max-snippet:-1, max-image-preview:large, max-video-preview:-1\" \/>\n<link rel=\"canonical\" href=\"https:\/\/advocacialacerda.com\/blog\/artigos\/\" \/>\n<meta property=\"og:locale\" content=\"pt_PT\" \/>\n<meta property=\"og:type\" content=\"article\" \/>\n<meta property=\"og:title\" content=\"Artigos - Advogada em Cuiab\u00e1\" \/>\n<meta property=\"og:description\" content=\"Artigos\" \/>\n<meta property=\"og:url\" content=\"https:\/\/advocacialacerda.com\/blog\/artigos\/\" \/>\n<meta property=\"og:site_name\" content=\"Advogada em Cuiab\u00e1\" \/>\n<meta property=\"article:modified_time\" content=\"2026-03-02T15:58:22+00:00\" \/>\n<meta name=\"twitter:card\" content=\"summary_large_image\" \/>\n<meta name=\"twitter:label1\" content=\"Tempo estimado de leitura\" \/>\n\t<meta name=\"twitter:data1\" content=\"2 minutos\" \/>\n<script type=\"application\/ld+json\" class=\"yoast-schema-graph\">{\"@context\":\"https:\/\/schema.org\",\"@graph\":[{\"@type\":\"WebPage\",\"@id\":\"https:\/\/advocacialacerda.com\/blog\/artigos\/\",\"url\":\"https:\/\/advocacialacerda.com\/blog\/artigos\/\",\"name\":\"Artigos - Advogada em Cuiab\u00e1\",\"isPartOf\":{\"@id\":\"https:\/\/advocacialacerda.com\/blog\/#website\"},\"datePublished\":\"2025-11-25T21:15:07+00:00\",\"dateModified\":\"2026-03-02T15:58:22+00:00\",\"breadcrumb\":{\"@id\":\"https:\/\/advocacialacerda.com\/blog\/artigos\/#breadcrumb\"},\"inLanguage\":\"pt-PT\",\"potentialAction\":[{\"@type\":\"ReadAction\",\"target\":[\"https:\/\/advocacialacerda.com\/blog\/artigos\/\"]}]},{\"@type\":\"BreadcrumbList\",\"@id\":\"https:\/\/advocacialacerda.com\/blog\/artigos\/#breadcrumb\",\"itemListElement\":[{\"@type\":\"ListItem\",\"position\":1,\"name\":\"In\u00edcio\",\"item\":\"https:\/\/advocacialacerda.com\/blog\/\"},{\"@type\":\"ListItem\",\"position\":2,\"name\":\"Artigos\"}]},{\"@type\":\"WebSite\",\"@id\":\"https:\/\/advocacialacerda.com\/blog\/#website\",\"url\":\"https:\/\/advocacialacerda.com\/blog\/\",\"name\":\"Advogada em Cuiab\u00e1\",\"description\":\"Advocacia Lacerda\",\"publisher\":{\"@id\":\"https:\/\/advocacialacerda.com\/blog\/#organization\"},\"potentialAction\":[{\"@type\":\"SearchAction\",\"target\":{\"@type\":\"EntryPoint\",\"urlTemplate\":\"https:\/\/advocacialacerda.com\/blog\/?s={search_term_string}\"},\"query-input\":{\"@type\":\"PropertyValueSpecification\",\"valueRequired\":true,\"valueName\":\"search_term_string\"}}],\"inLanguage\":\"pt-PT\"},{\"@type\":\"Organization\",\"@id\":\"https:\/\/advocacialacerda.com\/blog\/#organization\",\"name\":\"Advogada em Cuiab\u00e1\",\"url\":\"https:\/\/advocacialacerda.com\/blog\/\",\"logo\":{\"@type\":\"ImageObject\",\"inLanguage\":\"pt-PT\",\"@id\":\"https:\/\/advocacialacerda.com\/blog\/#\/schema\/logo\/image\/\",\"url\":\"https:\/\/advocacialacerda.com\/blog\/wp-content\/uploads\/2025\/11\/logo_2021.png\",\"contentUrl\":\"https:\/\/advocacialacerda.com\/blog\/wp-content\/uploads\/2025\/11\/logo_2021.png\",\"width\":1861,\"height\":585,\"caption\":\"Advogada em Cuiab\u00e1\"},\"image\":{\"@id\":\"https:\/\/advocacialacerda.com\/blog\/#\/schema\/logo\/image\/\"}}]}<\/script>\n<!-- \/ Yoast SEO plugin. -->","yoast_head_json":{"title":"Artigos - Advogada em Cuiab\u00e1","robots":{"index":"index","follow":"follow","max-snippet":"max-snippet:-1","max-image-preview":"max-image-preview:large","max-video-preview":"max-video-preview:-1"},"canonical":"https:\/\/advocacialacerda.com\/blog\/artigos\/","og_locale":"pt_PT","og_type":"article","og_title":"Artigos - Advogada em Cuiab\u00e1","og_description":"Artigos","og_url":"https:\/\/advocacialacerda.com\/blog\/artigos\/","og_site_name":"Advogada em Cuiab\u00e1","article_modified_time":"2026-03-02T15:58:22+00:00","twitter_card":"summary_large_image","twitter_misc":{"Tempo estimado de leitura":"2 minutos"},"schema":{"@context":"https:\/\/schema.org","@graph":[{"@type":"WebPage","@id":"https:\/\/advocacialacerda.com\/blog\/artigos\/","url":"https:\/\/advocacialacerda.com\/blog\/artigos\/","name":"Artigos - Advogada em Cuiab\u00e1","isPartOf":{"@id":"https:\/\/advocacialacerda.com\/blog\/#website"},"datePublished":"2025-11-25T21:15:07+00:00","dateModified":"2026-03-02T15:58:22+00:00","breadcrumb":{"@id":"https:\/\/advocacialacerda.com\/blog\/artigos\/#breadcrumb"},"inLanguage":"pt-PT","potentialAction":[{"@type":"ReadAction","target":["https:\/\/advocacialacerda.com\/blog\/artigos\/"]}]},{"@type":"BreadcrumbList","@id":"https:\/\/advocacialacerda.com\/blog\/artigos\/#breadcrumb","itemListElement":[{"@type":"ListItem","position":1,"name":"In\u00edcio","item":"https:\/\/advocacialacerda.com\/blog\/"},{"@type":"ListItem","position":2,"name":"Artigos"}]},{"@type":"WebSite","@id":"https:\/\/advocacialacerda.com\/blog\/#website","url":"https:\/\/advocacialacerda.com\/blog\/","name":"Advogada em Cuiab\u00e1","description":"Advocacia Lacerda","publisher":{"@id":"https:\/\/advocacialacerda.com\/blog\/#organization"},"potentialAction":[{"@type":"SearchAction","target":{"@type":"EntryPoint","urlTemplate":"https:\/\/advocacialacerda.com\/blog\/?s={search_term_string}"},"query-input":{"@type":"PropertyValueSpecification","valueRequired":true,"valueName":"search_term_string"}}],"inLanguage":"pt-PT"},{"@type":"Organization","@id":"https:\/\/advocacialacerda.com\/blog\/#organization","name":"Advogada em Cuiab\u00e1","url":"https:\/\/advocacialacerda.com\/blog\/","logo":{"@type":"ImageObject","inLanguage":"pt-PT","@id":"https:\/\/advocacialacerda.com\/blog\/#\/schema\/logo\/image\/","url":"https:\/\/advocacialacerda.com\/blog\/wp-content\/uploads\/2025\/11\/logo_2021.png","contentUrl":"https:\/\/advocacialacerda.com\/blog\/wp-content\/uploads\/2025\/11\/logo_2021.png","width":1861,"height":585,"caption":"Advogada em Cuiab\u00e1"},"image":{"@id":"https:\/\/advocacialacerda.com\/blog\/#\/schema\/logo\/image\/"}}]}},"_links":{"self":[{"href":"https:\/\/advocacialacerda.com\/blog\/wp-json\/wp\/v2\/pages\/2133","targetHints":{"allow":["GET"]}}],"collection":[{"href":"https:\/\/advocacialacerda.com\/blog\/wp-json\/wp\/v2\/pages"}],"about":[{"href":"https:\/\/advocacialacerda.com\/blog\/wp-json\/wp\/v2\/types\/page"}],"author":[{"embeddable":true,"href":"https:\/\/advocacialacerda.com\/blog\/wp-json\/wp\/v2\/users\/3"}],"replies":[{"embeddable":true,"href":"https:\/\/advocacialacerda.com\/blog\/wp-json\/wp\/v2\/comments?post=2133"}],"version-history":[{"count":18,"href":"https:\/\/advocacialacerda.com\/blog\/wp-json\/wp\/v2\/pages\/2133\/revisions"}],"predecessor-version":[{"id":2727,"href":"https:\/\/advocacialacerda.com\/blog\/wp-json\/wp\/v2\/pages\/2133\/revisions\/2727"}],"wp:attachment":[{"href":"https:\/\/advocacialacerda.com\/blog\/wp-json\/wp\/v2\/media?parent=2133"}],"curies":[{"name":"wp","href":"https:\/\/api.w.org\/{rel}","templated":true}]}}